he hundreds digit of b?
0
Suppose b - 445 = -4*b. Suppose 203 + b = 4*g. What is the units digit of g?
3
Suppose 11*u - 1362 = 673. What is the tens digit of u?
8
Let p(r) be the second derivative of 5*r**4/24 + r**3/6 - 3*r**2/2 + 5*r. Let f(o) be the first derivative of p(o). What is the tens digit of f(4)?
2
Let h(b) = b**3 + 6*b**2 + 4*b - 6. Let f be h(-5). Let r(w) = -59*w**3 - 2*w**2 - 2*w - 1. What is the units digit of r(f)?
8
Suppose 16*i - 13*i - 3140 = -2*c, -c + 1048 = i. What is the tens digit of i?
4
Let l be 6526/(-39) + (-1)/(-3). Let d = 267 + l. What is the units digit of d?
0
Suppose 3*u = -12, u = i - u - 398. What is the units digit of i?
0
Let q(w) = -w**3 + w**2 + 1. Let s = 1 - 0. Let r(a) = a. Let c(u) = s*q(u) + 4*r(u). What is the units digit of c(-3)?
5
Suppose -6*z + 3 = -5*z. Let t = -22 - -22. Suppose -3*n + 2*n = 5, -z*f - 5*n + 95 = t. What is the tens digit of f?
4
Let b be 510/35 + (-12)/21. What is the units digit of (-4)/b - (-207)/63?
3
What is the thousands digit of (-1127)/(-1) + 8 + 8?
1
What is the tens digit of 281652/245 - (14/(-10) - -2)?
4
Suppose 0*z - 3*g = z - 20, 4*g - 45 = -5*z. Suppose 5*d + 2*u = 820, 790 = z*d - u - 3*u. What is the units digit of d?
2
Suppose -5*d + 2020 = -11480. What is the hundreds digit of d?
7
Let q = -2066 + 4701. What is the units digit of q?
5
Let s(l) = -14*l - 5. Let q be s(-2). Let u be (2/(-4))/((-7)/238). Let x = q - u. What is the units digit of x?
6
Let g(v) = 235*v**2 - 24*v + 17. What is the hundreds digit of g(-3)?
2
Suppose -2*d - 467 + 1381 = 0. What is the hundreds digit of d?
4
Let k(w) = -172*w - 19. What is the units digit of k(-5)?
1
Suppose 8*f - 7*f = 5. Suppose 5*l + 5*s = -0*l, -2*l - 7 = -f*s. What is the units digit of (1 + -2 + l)*-4?
8
Let t(p) = 433*p - 812. What is the tens digit of t(5)?
5
Let f = -2274 - -3361. What is the units digit of f?
7
Let y be 69 + 3 + (-10)/5. Suppose 2*k + y = 3*k. What is the units digit of k?
0
Suppose 10*g + 243 - 1063 = 0. What is the tens digit of g - (0 + 4 + 8/(-4))?
8
Let b(y) be the first derivative of 7/2*y**2 - 5 - 3*y. What is the tens digit of b(3)?
1
Let j(v) be the first derivative of -v**3/3 + 2*v**2 + 14*v + 15. What is the units digit of j(6)?
2
Suppose -2*k = 3*u + 11, 0 = -2*u - 3 - 3. Let j be (k/3)/((-5)/(-45)). What is the units digit of (-2)/(-4) + j/(-6)?
1
Suppose 6*u - 18 = 4*u. Let f = -9 + u. Suppose -40 = -f*k - 5*k. What is the units digit of k?
8
Suppose -2*h - 16 = -4*h + 3*p, -5*p = 20. Suppose -26 - h = -7*s. Suppose s*q = 9*q - 60. What is the tens digit of q?
1
Let g(d) = d**3 - 10*d**2 - 10*d - 13. Let m be g(8). Let o = 355 + m. What is the tens digit of o?
3
Let s(y) = y + 5. Let w be s(16). Let a = w + -23. What is the tens digit of (-6 + a)*3/(-2)?
1
Suppose 4*j - s = 689, -2*j = -3*j + s + 173. Suppose 0 = 2*x + 4*i - j, -i = x - 4 - 87. What is the tens digit of x?
9
Let l(r) = r**3 + 5*r**2 + r + 5. Let q be l(-5). Suppose w + 421 = 2*k, -w + 3 = -q*w. What is the units digit of k?
2
Suppose 5*g - 5573 = -4*n + 599, 3*n + 4*g = 4628. What is the tens digit of n?
4
What is the hundreds digit of (-4)/(23240/5817 + -4)?
8
Let g be 15*-1*(-2 - 7/(-3)). Let t(o) = o**3 + 7*o**2 + 6*o - 2. What is the units digit of t(g)?
8
Let w = 4088 - 2434. Suppose 0 = 14*a + 478 - w. What is the units digit of a?
4
Let x(l) = -21*l - l - l**3 + 0*l**3 - 17*l**2 - 33. What is the tens digit of x(-16)?
6
Let f(j) be the second derivative of -23*j**3/2 + 2*j**2 - 45*j. What is the hundreds digit of f(-3)?
2
Suppose 2*a = 2*g + 3178, 4757 = 3*a + 17*g - 15*g. What is the tens digit of a?
8
Let c = 1437 + -496. What is the hundreds digit of c?
9
Let z = 2123 - -462. What is the units digit of z?
5
Let c be 23313/(-7) + 100/(-28) + 4. What is the hundreds digit of (2 + -3)/(18/c)?
1
Let j be (2/(-6))/(9/297). Let w(h) = -h**3 - 11*h**2 - 6*h - 3. What is the tens digit of w(j)?
6
Let h(u) = u**3 + u**2 - u + 11. Let c be h(7). Suppose -7*g + c = 2*g. What is the units digit of g?
4
Suppose 5*w = u - 1567, -8*u - 4714 = -11*u + 2*w. What is the thousands digit of u?
1
Let z(v) = v**2 - 8*v - 3. Let i be z(-9). Let h = i - 64. What is the units digit of h?
6
Let c(o) = 288*o**2 - 2*o + 4. What is the tens digit of c(1)?
9
Let i = 2 + 0. Suppose -u = i*u - 66. Suppose -z = z - u. What is the units digit of z?
1
Let h = -43 + 55. What is the units digit of (-24)/9*((-417)/h + -2)?
8
Let v(i) = i**3 - 4*i**2 + 3*i - 1. Let m be v(2). Suppose -219*a + 213*a - 228 = 0. What is the units digit of m - (a - (-8)/(-2))?
9
Let z(p) = -11*p + 2. Let y = 12 + -15. What is the units digit of z(y)?
5
Let a(s) = -s + 3. Let h be (3 + (-63)/15)*-5. Let v be 4 - h*1/3. What is the units digit of a(v)?
1
Let y = -2960 - -5481. What is the tens digit of y?
2
Suppose 0 = 52*r - 214049 - 38619. What is the units digit of r?
9
Suppose 4*t + 3264 = 3736. What is the units digit of t?
8
Suppose -9*x + 6816 = 7*x. What is the units digit of x?
6
Suppose -14*y - 886 = -16*y. Suppose 5*t - 3*g - y - 657 = 0, t - 2*g - 227 = 0. What is the units digit of t?
7
Suppose -510 = -6*p - 36. Suppose -p = -10*n + 361. What is the tens digit of n?
4
Suppose -2 = 3*t - 2*t. Let a be (-17)/t + 5/(-10). Suppose 6*j = -a + 62. What is the units digit of j?
9
Suppose -9 = p - 5. Let x(g) = 8*g**2 - 4*g - 1. What is the hundreds digit of x(p)?
1
Suppose 1044 = 19*h + 360. Suppose 0*a - 24 = -3*a. Let f = h - a. What is the tens digit of f?
2
Let j = 47 + -45. Suppose 0 = -3*r - 2*m + 192, -r + j*r - 50 = 4*m. What is the tens digit of r?
6
Let y = -397 + 654. Suppose 0*v = -2*v - 3*s + y, 139 = v - 2*s. What is the units digit of v?
3
Let h = -28 + 17. Let p = -8 - h. Suppose 0 = -4*q + 3*n + 98, p*q = -n + 3*n + 73. What is the units digit of q?
3
Let f(w) = 27*w + 7. Suppose -12 = -2*y + 6*y. Let z be f(y). Let j = 113 + z. What is the tens digit of j?
3
Suppose -m + 6 = -l, -l + 0*l - 18 = -4*m. What is the tens digit of 88*(l/(-12) + 1/3)?
4
Suppose 0*d = 3*d + b - 223, 2*d - 158 = 4*b. Suppose -2*j - 347 = -3*n, -d = 2*n - j - 307. What is the hundreds digit of n?
1
Let b = -296 - -677. What is the hundreds digit of b?
3
What is the units digit of (4 - 3) + 89 - (-25)/(-5)?
5
Suppose -9270 = -3*q + 5*z, 1003 = q + 3*z - 2101. What is the tens digit of q?
9
Suppose -h + 0 = 1. Let l be (-132)/36 + h/3. What is the units digit of (-3 - l)*-53*-1?
3
Let o(x) = 7 - 3*x - 4 + 107*x**2 - 5 - 17*x**2. What is the units digit of o(-1)?
1
Suppose 2023 = 5*n - 2*a, -1091 - 123 = -3*n + a. What is the tens digit of n?
0
Suppose -f = 5*m - 537, -27*f = -28*f - 4*m + 539. What is the tens digit of f?
4
Suppose 0 = -22*x + 34266 + 30106. What is the units digit of x?
6
Suppose -t + 17 = h - 3*h, 10 = 5*t + 5*h. Let u = -4 + t. Suppose -2*s + 5*g = -16, u*g = -5*s - g + 73. What is the tens digit of s?
1
What is the tens digit of (3/6)/((-6)/(-11028))?
1
Suppose 5*d - 230 = 2*g, 3*g - 160 = -5*d + 45. What is the units digit of d?
4
Let w(z) = 21*z**2 + 1 + 17*z**2 - 2*z + 9*z**2. Let y = -21 - -22. What is the units digit of w(y)?
6
What is the hundreds digit of 1*3/(-6)*(-12264)/14?
4
Let m = 27 + 300. What is the hundreds digit of m?
3
Suppose 4*i = -2*r + r, 3*r = 2*i. Suppose 3*a + 2*y - 5 = -0*a, 2*a + 4*y - 14 = r. What is the units digit of (4/6 - a)*33?
5
Let j(k) be the third derivative of k**5/15 + k**4/4 - 13*k**3/3 - 7*k**2 - 2*k. What is the units digit of j(-9)?
4
Suppose 11*k - 3*k - 3512 = 0. What is the hundreds digit of k?
4
Suppose 2*x - 5 = -5*s + 7*x, -x = -4*s + 1. Suppose w - d - 14 - 139 = s, 0 = -2*w + d + 301. What is the tens digit of w?
4
Suppose 9*f + f = 1250. What is the tens digit of f?
2
Let k be 2/7 + 247/91. Suppose -25 = -k*f - 5*s, 4*s - 20 = -2*f + 5*f. Suppose 5*h = -3*z + 120 + 63, 5*z - 3*h - 339 = f. What is the tens digit of z?
6
Suppose 0 = -2*g + 4*q - 7*q + 26, g + 5*q = 27. What is the units digit of 3/(-15)*-5 + g?
8
Suppose 3*s + m = -2*m + 1338, -2*m + 1340 = 3*s. What is the tens digit of s?
4
Let m(y) = -y**3 - 10*y**2 + 15*y - 2. Let f be m(-13). Let l = f - 22. What is the units digit of l?
8
Let v = 1019 + -702. What is the units digit of v?
7
Let u(d) = -25*d - 50. Let o(z) = 74*z 